 192 and 8224.
32
What is the highest common divisor of 7718 and 51?
17
Calculate the highest common factor of 990 and 477774.
198
What is the highest common divisor of 572 and 29484?
52
Calculate the highest common factor of 30 and 162345.
15
Calculate the highest common factor of 29 and 89262.
29
What is the highest common divisor of 1393 and 1008?
7
What is the greatest common divisor of 341666 and 442?
442
Calculate the highest common factor of 37 and 68894.
37
What is the highest common divisor of 46 and 3114959?
23
Calculate the greatest common factor of 2977141 and 509.
509
What is the highest common divisor of 1512 and 155358?
378
What is the greatest common divisor of 46 and 96186?
46
Calculate the greatest common factor of 1152 and 4096.
128
Calculate the highest common factor of 5 and 60365.
5
Calculate the highest common divisor of 756 and 249858.
378
Calculate the highest common factor of 150 and 333225.
75
What is the highest common divisor of 165 and 325776?
33
Calculate the highest common divisor of 159 and 537.
3
What is the greatest common divisor of 592360 and 8?
8
What is the greatest common divisor of 37496 and 1720?
344
What is the highest common divisor of 4995 and 1591?
37
Calculate the greatest common factor of 19 and 212724.
19
Calculate the highest common divisor of 137997 and 1197.
171
What is the greatest common factor of 9104 and 176?
16
What is the greatest common divisor of 2862 and 4959?
9
What is the highest common factor of 15399 and 2871?
261
Calculate the highest common divisor of 14775 and 9825.
75
What is the greatest common factor of 270320 and 59405?
545
What is the highest common factor of 6 and 924162?
6
What is the highest common factor of 154 and 18144?
14
What is the greatest common factor of 352 and 15224?
88
Calculate the highest common factor of 803814 and 2926.
418
What is the highest common factor of 8552 and 4936642?
2138
What is the greatest common factor of 411 and 377709?
411
What is the highest common divisor of 255380 and 904?
452
What is the greatest common divisor of 27 and 97335?
27
What is the highest common factor of 1800 and 181968?
24
Calculate the highest common divisor of 4024899 and 18.
9
What is the greatest common divisor of 108 and 3976956?
36
Calculate the highest common divisor of 35 and 76055.
35
What is the highest common divisor of 2004 and 2032?
4
Calculate the greatest common divisor of 884 and 51116.
52
Calculate the highest common divisor of 136260 and 340.
20
Calculate the greatest common divisor of 846 and 1206.
18
Calculate the greatest common divisor of 13608 and 896.
56
Calculate the greatest common divisor of 128 and 257856.
64
What is the highest common divisor of 1392 and 5974?
58
What is the highest common divisor of 1832260 and 4624?
1156
Calculate the greatest common factor of 14968 and 3328509.
1871
Calculate the highest common divisor of 21465 and 315.
45
What is the greatest common divisor of 152 and 54264?
152
Calculate the greatest common factor of 46179 and 567.
63
Calculate the greatest common divisor of 13132 and 36.
4
What is the greatest common divisor of 6974 and 2090?
22
Calculate the greatest common divisor of 6776 and 1331.
121
What is the highest common factor of 70 and 62286?
14
Calculate the highest common factor of 38076 and 133.
19
Calculate the greatest common factor of 4585 and 616.
7
What is the highest common divisor of 630 and 3150?
630
Calculate the greatest common divisor of 14039 and 7878.
101
Calculate the highest common factor of 1073464 and 2088.
232
Calculate the highest common factor of 63 and 175833.
63
Calculate the greatest common factor of 345 and 321.
3
What is the greatest common factor of 14797 and 4?
1
What is the greatest common factor of 424636 and 2332?
212
What is the highest common factor of 1971800 and 100?
100
What is the highest common divisor of 3062601 and 37?
37
What is the highest common factor of 562457 and 114?
19
Calculate the highest common divisor of 1863 and 165255.
69
What is the greatest common factor of 2415 and 828?
69
What is the highest common divisor of 11025 and 180?
45
Calculate the greatest common divisor of 70 and 122290.
70
Calculate the greatest common factor of 5525 and 696475.
325
What is the highest common divisor of 42 and 638918?
14
Calculate the greatest common divisor of 1619315 and 46.
23
Calculate the greatest common divisor of 2910 and 25.
5
What is the highest common divisor of 938 and 1056456?
134
What is the greatest common divisor of 290316 and 1092?
156
What is the highest common factor of 791 and 67913?
113
Calculate the highest common factor of 21384 and 35478.
486
Calculate the greatest common divisor of 78 and 16950.
6
Calculate the greatest common divisor of 1639 and 253.
11
Calculate the highest common factor of 617540 and 11.
11
What is the highest common divisor of 30 and 5604?
6
Calculate the highest common divisor of 24 and 267492.
12
What is the highest common divisor of 40 and 528740?
20
What is the highest common divisor of 2226 and 2307991?
371
Calculate the highest common factor of 19551 and 1470.
147
What is the highest common factor of 16549 and 893?
19
What is the highest common factor of 37052 and 1062?
118
Calculate the greatest common factor of 46 and 21022.
46
Calculate the highest common divisor of 25868 and 7582.
446
What is the greatest common factor of 11533 and 1691?
19
Calculate the greatest common divisor of 14553 and 138699.
297
What is the greatest common divisor of 11 and 70631?
11
Calculate the greatest common divisor of 551279 and 4328.
541
Calculate the highest common divisor of 19820 and 60.
20
What is the greatest common divisor of 23954 and 938?
14
What is the highest common divisor of 409531 and 53?
53
What is the highest common factor of 4890 and 10269?
489
What is the greatest common factor of 4641 and 124644?
663
What is the highest common divisor of 625 and 20875?
125
What is the greatest common factor of 20147075 and 325?
325
Calculate the greatest common divisor of 87707 and 1149.
383
What is the greatest common divisor of 256 and 68608?
256
What is the highest common divisor of 838508 and 132?
44
Calculate the highest common divisor of 119 and 101311.
7
Calculate the highest common factor of 180 and 186210.
90
What is the greatest common factor of 26512 and 32?
16
Calculate the highest common factor of 10047 and 1182.
591
Calculate the highest common factor of 46104 and 9.
3
What is the highest common divisor of 1016 and 275082?
254
Calculate the highest common divisor of 2630507 and 11.
11
What is the greatest common divisor of 4 and 1851132?
4
Calculate the highest common divisor of 2967 and 7095.
129
Calculate the greatest common factor of 50442 and 1414.
14
Calculate the greatest common factor of 65714 and 220.
22
Calculate the highest common factor of 5733 and 3627.
117
What is the highest common factor of 3787500 and 20?
20
What is the greatest common factor of 29 and 333181?
29
What is the highest common factor of 198315 and 565?
565
What is the highest common divisor of 61895 and 15?
5
What is the highest common factor of 18 and 8586?
18
What is the greatest common factor of 24 and 377049?
3
Calculate the greatest common divisor of 8 and 6523448.
8
What is the highest common factor of 220536 and 648?
216
What is the highest common divisor of 15 and 5755?
5
What is the greatest common divisor of 3069 and 352656?
279
What is the greatest common divisor of 11064 and 2316?
12
Calculate the highest common divisor of 414689 and 11.
11
Calculate the greatest common divisor of 1012610 and 3270.
1090
What is the greatest common divisor of 64355 and 122?
61
Calculate the highest common divisor of 953615 and 13.
13
Calculate the highest common divisor of 2381 and 4.
1
What is the highest common divisor of 340226 and 268?
134
What is the highest common factor of 135 and 4827?
3
What is the highest common divisor of 302 and 4135286?
302
What is the greatest common factor of 1279108 and 356?
356
What is the highest common divisor of 4136 and 10120?
88
Calculate the greatest common factor of 4284 and 643671.
1071
Calculate the highest common divisor of 159 and 438681.
159
Calculate the greatest common factor of 795 and 7314.
15